True
Is 91391533 a composite number?
False
Is 30914580953 a prime number?
True
Is 40614019489 a prime number?
False
Is 1823278967 composite?
True
Is 5829988051 prime?
True
Is 3647760317 a prime number?
False
Is 120370309 prime?
True
Is 587756399 composite?
False
Is 2401803221 a prime number?
False
Is 994106803 a composite number?
True
Is 313545599 a prime number?
True
Is 784437217 prime?
False
Is 9478633051 a prime number?
True
Is 2697713101 a prime number?
True
Is 44598389377 a composite number?
False
Is 6968563529 a prime number?
False
Is 26152660351 a composite number?
True
Is 2317401743 composite?
False
Is 130077329 a prime number?
True
Is 4592780407 prime?
True
Is 43508127109 a composite number?
True
Is 1910373457 composite?
False
Is 18563151913 composite?
True
Is 4984410763 composite?
False
Is 1680609233 a composite number?
False
Is 2525153087 composite?
True
Is 796767739 a prime number?
False
Is 9732366869 composite?
True
Is 89592853 a composite number?
True
Is 1356324689 a composite number?
True
Is 4346043257 composite?
False
Is 343845941 composite?
False
Is 396983401 a prime number?
True
Is 2214221761 a prime number?
True
Is 2002298381 composite?
True
Is 23889375473 a prime number?
True
Is 8538839347 composite?
False
Is 4014134149 composite?
False
Is 29932984831 prime?
True
Is 298130431 a composite number?
False
Is 495601957 prime?
False
Is 578388821 composite?
True
Is 185404543 prime?
True
Is 4283403041 prime?
False
Is 576078821 a prime number?
False
Is 41627229081 a composite number?
True
Is 98624798327 composite?
True
Is 1630836449 a composite number?
True
Is 9666517477 prime?
False
Is 46935788693 composite?
False
Is 360388178 a prime number?
False
Is 1318270099 prime?
False
Is 27704219119 a prime number?
False
Is 278463869 a prime number?
False
Is 122972573 a prime number?
True
Is 3179587403 prime?
True
Is 9158346217 prime?
False
Is 7682785499 a composite number?
True
Is 24164776199 prime?
True
Is 54607219 composite?
True
Is 9005829746 prime?
False
Is 1868572813 prime?
False
Is 118912477 a prime number?
True
Is 10083713509 prime?
True
Is 6182208653 prime?
False
Is 13679271107 composite?
False
Is 314618011 prime?
True
Is 2571077963 a composite number?
True
Is 25170169361 composite?
True
Is 15569701249 a composite number?
False
Is 5963422546 prime?
False
Is 1844854747 a composite number?
True
Is 6290918921 a prime number?
False
Is 271133081 prime?
True
Is 46707276653 a prime number?
False
Is 2779662497 composite?
True
Is 38188807829 prime?
True
Is 6515162747 prime?
False
Is 320059094 a composite number?
True
Is 17599109137 a prime number?
True
Is 32115055897 composite?
True
Is 1318182319 composite?
False
Is 19094714186 a prime number?
False
Is 47557641 composite?
True
Is 2361032833 composite?
False
Is 6744590627 a prime number?
True
Is 12472918441 composite?
False
Is 3083027053 a composite number?
True
Is 20653061887 a composite number?
True
Is 140354381 a prime number?
False
Is 11901310931 prime?
False
Is 2281317521 a composite number?
True
Is 464937461 composite?
False
Is 32540862371 a composite number?
True
Is 458981893 composite?
False
Is 825393841 a prime number?
True
Is 490466771 a composite number?
False
Is 5058381838 a composite number?
True
Is 40251047 a prime number?
True
Is 297797281 prime?
False
Is 4700471141 prime?
True
Is 47554902209 prime?
True
Is 2118208927 composite?
False
Is 11269763269 prime?
True
Is 349601929 prime?
True
Is 112575022247 a prime number?
True
Is 3564699899 composite?
False
Is 2742201571 prime?
False
Is 1291624573 a composite number?
False
Is 181156391 a prime number?
False
Is 12019687 composite?
False
Is 3759165833 composite?
False
Is 254128912783 a composite number?
True
Is 2757062879 a prime number?
True
Is 3301407859 composite?
False
Is 1736278903 prime?
False
Is 226660594951 a composite number?
True
Is 38137086851 prime?
False
Is 402706693 a prime number?
False
Is 449480569 a composite number?
False
Is 87804610931 a composite number?
True
Is 13908509521 a composite number?
True
Is 8490356363 composite?
False
Is 414463471 prime?
True
Is 2032314965 a prime number?
False
Is 221752649 prime?
False
Is 250894792721 a composite number?
True
Is 3714332953 a prime number?
True
Is 17634556957 a composite number?
False
Is 1753152407 composite?
True
Is 4877673215 a composite number?
True
Is 50100367853 prime?
True
Is 80168177 a prime number?
True
Is 45030816739 a prime number?
False
Is 23329219189 prime?
True
Is 10941908987 composite?
True
Is 3413753083 composite?
True
Is 105781862261 prime?
False
Is 180718059211 a prime number?
True
Is 60333157 a prime number?
True
Is 194399593 prime?
True
Is 387010937 a prime number?
True
Is 1442803783 a prime number?
True
Is 254223843 a composite number?
True
Is 2014928603 a prime number?
True
Is 2568039193 composite?
True
Is 8273810849 a prime number?
True
Is 3756282091 a composite number?
True
Is 66130333 prime?
False
Is 79502816543 a composite number?
False
Is 143734433 prime?
False
Is 99820921 composite?
True
Is 7341416749 a composite number?
False
Is 14084733139 a composite number?
False
Is 769327099 prime?
True
Is 7545676579 a composite number?
True
Is 494996143 composite?
False
Is 21708299 composite?
False
Is 520116827 a composite number?
True
Is 4738978151 prime?
True
Is 818525087 a composite number?
True
Is 329866739 composite?
False
Is 343521973 a composite number?
True
Is 15713004941 composite?
True
Is 19411270939 a composite number?
True
Is 479960437 composite?
True
Is 2002789207 prime?
True
Is 17339581111 prime?
True
Is 10527224681 a prime number?
True
Is 110057951 a prime number?
False
Is 58237217 a composite number?
False
Is 24344094919 composite?
False
Is 2256643067 a composite number?
True
Is 8530260521 prime?
True
Is 211464221 composite?
False
Is 16121893463 composite?
True
Is 2597160857 a prime number?
True
Is 153311248091 composite?
True
Is 11228092723 composite?
True
Is 7110850731 composite?
True
Is 121827467 composite?
False
Is 7696435129 a composite number?
False
Is 168786977 a composite number?
False
Is 143994547 a composite number?
True
Is 107605033 a prime number?
False
Is 2157789903 prime?
False
Is 152792333 a composite number?
False
Is 406558750538 prime?
False
Is 5071258331 prime?
True
Is 715422439 a composite number?
False
Is 207954511 a composite number?
False
Is 403823779 a prime number?
False
Is 315493027 a prime number?
True
Is 1982656853 a prime number?
True
Is 1496901353 composite?
True
Is 9670963013 a prime number?
True
Is 4256740679 prime?
True
Is 88063265 prime?
False
Is 33685278007 composite?
False
Is 3196740947 composite?
False
Is 53593998166 composite?
True
Is 324249881 prime?
True
Is 73305283547 prime?
False
Is 1017768623 composite?
True
Is 160298851 prime?
False
Is 75703977061 prime?
False
Is 3041348201 a prime number?
False
Is 21334463417 a composite number?
True
Is 5015481533 composite?
True
Is 479420615 prime?
False
Is 81028898201 a composite number?
True
Is 1800216149 prime?
False
Is 507786793 a composite number?
False
Is 30738596797 a prime number?
True
Is 8466034631 composite?
True
Is 215654731 a prime number?
False
Is 10097596679 a prime number?
True
Is 650778013 composite?
False
Is 2218880029 a composite number?
False
Is 4581307121 prime?
False
Is 3275612119 composite?
True
Is 428752319 a composite number?
True
Is 14024373259 composite?
True
Is 12364413689 composite?
False
Is 379381153 a prime number?
True
Is 2426245369 a composite number?
False
Is 677994557 prime?
True
Is 1701231991 a composite number?
True
Is 2933661629 prime?
False
Is 4348815329 a prime number?
True
Is 285938519 a composite number?
True
Is 25626849163 a composite number?
True
Is 42239809417 a prime number?
False
Is 4711291297 prime?
True
Is 42320056202 a composite number?
True
Is 2948189273 a prime number?
False
Is 120614519 prime?
True
Is 120309320269 prime?
True
Is 10799832911 a prime number?
False
Is 4778931923 a composite number?
False
Is 1992383243 prime?
False
Is 1264051839 a composite number?
True
Is 9258908887 prime?
True
Is 470049889 prime?
True
Is 12369461671 prime?
False
Is 8226796207 composite?
True
Is 57396762133 composite?
False
Is 4993303963 prime?
True
Is 164387300201 a prime number?
False
Is 107501872723 prime?
False
Is 2447459